8 is divided by 84.
82
What is the remainder when 998 is divided by 103?
71
What is the remainder when 4214 is divided by 89?
31
What is the remainder when 509684 is divided by 39206?
6
Calculate the remainder when 1064 is divided by 781.
283
What is the remainder when 1329 is divided by 702?
627
Calculate the remainder when 9509 is divided by 2373.
17
Calculate the remainder when 1442 is divided by 311.
198
What is the remainder when 890604 is divided by 23?
21
What is the remainder when 86783 is divided by 1071?
32
What is the remainder when 5001 is divided by 219?
183
What is the remainder when 11948 is divided by 550?
398
Calculate the remainder when 944054 is divided by 8.
6
What is the remainder when 163592 is divided by 219?
218
Calculate the remainder when 44516 is divided by 5563.
12
Calculate the remainder when 2287 is divided by 26.
25
What is the remainder when 5103 is divided by 9?
0
Calculate the remainder when 630 is divided by 18.
0
What is the remainder when 1906013 is divided by 1876?
1873
What is the remainder when 165793 is divided by 434?
5
What is the remainder when 40316 is divided by 85?
26
What is the remainder when 122689 is divided by 432?
1
Calculate the remainder when 6007 is divided by 603.
580
What is the remainder when 450 is divided by 203?
44
Calculate the remainder when 78239 is divided by 631.
626
What is the remainder when 1859 is divided by 187?
176
What is the remainder when 579960 is divided by 1283?
44
Calculate the remainder when 60914 is divided by 20280.
74
What is the remainder when 14649 is divided by 506?
481
What is the remainder when 86247 is divided by 7840?
7
Calculate the remainder when 8021 is divided by 1140.
41
Calculate the remainder when 308957 is divided by 17.
16
Calculate the remainder when 3803 is divided by 253.
8
What is the remainder when 3933 is divided by 10?
3
Calculate the remainder when 2606 is divided by 616.
142
What is the remainder when 51088 is divided by 258?
4
Calculate the remainder when 12668 is divided by 19.
14
What is the remainder when 4463 is divided by 2223?
17
Calculate the remainder when 17934 is divided by 59.
57
What is the remainder when 499067 is divided by 54?
53
Calculate the remainder when 924 is divided by 320.
284
What is the remainder when 675 is divided by 316?
43
Calculate the remainder when 640 is divided by 330.
310
Calculate the remainder when 4221 is divided by 103.
101
What is the remainder when 3396041 is divided by 23?
22
What is the remainder when 352182 is divided by 53?
50
Calculate the remainder when 6221 is divided by 215.
201
Calculate the remainder when 34073 is divided by 172.
17
What is the remainder when 171358 is divided by 112?
110
Calculate the remainder when 680 is divided by 97.
1
Calculate the remainder when 156480 is divided by 39119.
4
What is the remainder when 771 is divided by 395?
376
What is the remainder when 111766 is divided by 49?
46
Calculate the remainder when 2509 is divided by 181.
156
Calculate the remainder when 14560 is divided by 766.
6
What is the remainder when 462 is divided by 317?
145
Calculate the remainder when 1922 is divided by 33.
8
Calculate the remainder when 371 is divided by 274.
97
Calculate the remainder when 7693 is divided by 2540.
73
Calculate the remainder when 149789 is divided by 14975.
39
What is the remainder when 684 is divided by 616?
68
Calculate the remainder when 6587 is divided by 94.
7
Calculate the remainder when 2781 is divided by 237.
174
What is the remainder when 175169 is divided by 58373?
50
Calculate the remainder when 165969 is divided by 1482.
1467
Calculate the remainder when 54838 is divided by 260.
238
What is the remainder when 55596 is divided by 4272?
60
What is the remainder when 9217 is divided by 1151?
9
What is the remainder when 1913 is divided by 178?
133
Calculate the remainder when 181150 is divided by 96.
94
Calculate the remainder when 34082 is divided by 213.
2
What is the remainder when 837 is divided by 12?
9
What is the remainder when 39414 is divided by 52?
50
Calculate the remainder when 3040 is divided by 884.
388
Calculate the remainder when 6093 is divided by 28.
17
What is the remainder when 25771 is divided by 1040?
811
What is the remainder when 18262 is divided by 45?
37
Calculate the remainder when 1161 is divided by 104.
17
Calculate the remainder when 7022 is divided by 411.
35
What is the remainder when 22369 is divided by 338?
61
What is the remainder when 4318 is divided by 106?
78
What is the remainder when 73555 is divided by 402?
391
What is the remainder when 55649 is divided by 1114?
1063
What is the remainder when 787 is divided by 27?
4
Calculate the remainder when 247639 is divided by 97.
95
Calculate the remainder when 283115 is divided by 283108.
7
Calculate the remainder when 53634 is divided by 298.
292
What is the remainder when 3827 is divided by 159?
11
Calculate the remainder when 246052 is divided by 46.
44
Calculate the remainder when 108382 is divided by 196.
190
What is the remainder when 6250 is divided by 1780?
910
What is the remainder when 15949 is divided by 7963?
23
Calculate the remainder when 4175 is divided by 621.
449
Calculate the remainder when 3907 is divided by 105.
22
Calculate the remainder when 441453 is divided by 16.
13
Calculate the remainder when 89848 is divided by 1167.
1156
What is the remainder when 15862 is divided by 670?
452
What is the remainder when 32733 is divided by 4653?
162
What is the remainder when 2230561 is divided by 812?
809
What is the remainder when 259692 is divided by 14?
6
What is the remainder when 20592 is divided by 795?
717
What is the remainder when 34993 is divided by 393?
16
What is the remainder when 3077 is divided by 79?
75
What is the remainder when 432901 is divided by 113?
111
What is the remainder when 225951 is divided by 7?
5
What is the remainder when 6303 is divided by 2071?
90
What is the remainder when 12338 is divided by 147?
137
Calculate the remainder when 2074 is divided by 2054.
20
What is the remainder when 4256071 is divided by 24?
7
Calculate the remainder when 8822 is divided by 490.
2
Calculate the remainder when 25413 is divided by 653.
599
Calculate the remainder when 115299 is divided by 19215.
9
Calculate the remainder when 2066 is divided by 954.
158
Calculate the remainder when 1269 is divided by 930.
339
What is the remainder when 202614 is divided by 423?
420
What is the remainder when 2418 is divided by 54?
42
What is the remainder when 3684 is divided by 1798?
88
What is the remainder when 4874 is divided by 494?
428
Calculate the remainder when 6747 is divided by 23.
8
What is the remainder when 3201133 is divided by 20?
13
What is the remainder when 63258 is divided by 781?
778
What is the remainder when 7347 is divided by 526?
509
What is the remainder when 28987 is divided by 2415?
7
Calculate the remainder when 5106 is divided by 1016.
26
What is the remainder when 6220 is divided by 17?
15
What is the remainder when 1460 is divided by 581?
298
What is the remainder when 360308 is divided by 135?
128
What is the remainder when 13852 is divided by 330?
322
What is the remainder when 2171085 is divided by 36?
33
Calculate the remainder when 99699 is divided by 20.
19
Calculate the remainder when 1030 is divided by 978.
52
Calculate the remainder when 71659 is divided by 35789.
81
What is the remainder when 2628 is divided by 827?
147
What is the remainder when 2765 is divided by 293?
128
What is the remainder when 105360 is divided by 73?
21
Calculate the remainder when 1118014 is divided by 163.
160
Calculate the remainder when 672 is divided by 658.
14
What is the remainder when 356509 is divided by 37?
14
Calculate the remainder when 26965 is divided by 28.
1
What is the remainder when 21233 is divided by 705?
83
What is the remainder when 1849 is divided by 354?
79
Calculate the remainder when 458 is divided by 373.
85
What is the remainder when 2126 is divided by 133?
131
Calculate the remainder when 1396786 is divided by 334.
332
What is the remainder when 488319 is divided by 27?
24
Calculate the remainder when 7877011 is divided by 26.
25
What is the remainder when 18956 is divided by 606?
170
What is the remain